9632 and 1475088?
3792
Calculate the greatest common divisor of 218193 and 722499.
849
What is the greatest common divisor of 110803558 and 46?
46
Calculate the highest common factor of 97281190 and 3745.
535
What is the greatest common divisor of 801380 and 92905?
85
What is the highest common divisor of 107344303 and 363?
121
What is the highest common divisor of 669 and 4085137?
223
Calculate the highest common divisor of 209643 and 34753803.
3129
What is the highest common factor of 11 and 56001627?
11
Calculate the greatest common divisor of 440 and 1374241.
11
What is the greatest common divisor of 408 and 24675942?
102
What is the greatest common divisor of 1530 and 470135?
85
Calculate the greatest common divisor of 34540 and 94655.
55
What is the greatest common divisor of 113052752 and 32?
16
What is the greatest common divisor of 39482527 and 119?
7
What is the greatest common divisor of 1152 and 9538944?
384
Calculate the greatest common factor of 2583 and 24046131.
123
Calculate the greatest common factor of 39000 and 1674920.
520
What is the highest common divisor of 23671549 and 4541?
19
What is the highest common divisor of 15563520 and 4680?
360
Calculate the highest common divisor of 28454400 and 2925.
2925
Calculate the greatest common divisor of 7040 and 41824.
32
What is the highest common factor of 1389420 and 1560?
60
What is the greatest common factor of 448809257 and 6214?
3107
Calculate the highest common divisor of 177181479 and 2428.
607
What is the highest common factor of 514982 and 64090?
754
Calculate the greatest common factor of 8508731 and 161.
7
What is the highest common factor of 11575494 and 1134?
378
Calculate the greatest common factor of 4015 and 160985.
55
Calculate the greatest common divisor of 353 and 350698793.
353
Calculate the greatest common factor of 13394353 and 411.
137
What is the highest common divisor of 353124 and 1016?
4
Calculate the highest common factor of 895 and 17424755.
895
What is the greatest common divisor of 1127 and 23210243?
161
Calculate the highest common factor of 507 and 110233461.
507
Calculate the highest common divisor of 200704166 and 7358.
7358
What is the greatest common divisor of 954381642 and 1718?
1718
What is the greatest common divisor of 1700526 and 1807?
139
What is the greatest common divisor of 469700 and 2629550?
3850
What is the highest common divisor of 47203577 and 1139?
1139
What is the greatest common factor of 16666 and 412386?
26
What is the greatest common divisor of 5968692 and 1096236?
1332
What is the greatest common divisor of 8892750 and 625?
125
Calculate the highest common factor of 55842615 and 60021.
4617
What is the greatest common divisor of 2331808 and 10928?
16
What is the greatest common factor of 573126 and 6?
6
Calculate the highest common factor of 2302500 and 6900.
300
What is the highest common factor of 1680985903 and 653?
653
What is the greatest common factor of 545241139 and 334?
167
Calculate the greatest common factor of 60120 and 28440.
360
What is the greatest common factor of 12538680 and 5487?
177
What is the greatest common divisor of 2822 and 9622?
34
Calculate the greatest common factor of 33687 and 3567079.
3743
Calculate the highest common factor of 6 and 30469268.
2
Calculate the highest common divisor of 7065 and 6166960.
785
Calculate the highest common factor of 162400 and 11210675.
5075
What is the greatest common factor of 1468709 and 517?
11
Calculate the highest common factor of 151895 and 208328460.
8935
Calculate the highest common factor of 2152 and 3833519.
269
Calculate the greatest common divisor of 19157229 and 18.
9
Calculate the greatest common divisor of 485 and 2743063.
97
What is the highest common factor of 686 and 2212378?
14
Calculate the highest common factor of 669929 and 6032.
377
What is the highest common divisor of 16373392 and 14?
14
Calculate the highest common divisor of 52 and 602058301.
13
What is the greatest common factor of 2816 and 3763056?
176
Calculate the greatest common divisor of 1582 and 6890966.
226
Calculate the greatest common divisor of 5392 and 138438252.
1348
Calculate the highest common factor of 2599904 and 74128.
1808
What is the greatest common divisor of 14370878 and 418?
38
Calculate the greatest common factor of 1316 and 952032.
188
Calculate the greatest common factor of 1570016 and 62755.
1141
Calculate the greatest common divisor of 32006335 and 5.
5
What is the highest common factor of 255 and 889845?
15
Calculate the highest common divisor of 1001751 and 2203716.
681
Calculate the greatest common divisor of 19008 and 402688.
704
Calculate the greatest common factor of 10920240 and 1152.
144
Calculate the highest common divisor of 150706120 and 207.
23
What is the greatest common divisor of 777602 and 246694?
938
What is the highest common factor of 25331 and 5039?
1
Calculate the highest common factor of 77750285 and 1195.
1195
What is the greatest common divisor of 645246 and 6048?
378
What is the highest common divisor of 19572 and 1789440?
2796
What is the highest common divisor of 2695213 and 107381?
167
What is the highest common factor of 273 and 35370114?
39
Calculate the greatest common factor of 314184 and 624.
312
What is the greatest common factor of 182 and 14001533?
91
Calculate the highest common divisor of 572 and 53358084.
52
Calculate the highest common divisor of 28193 and 230437.
233
Calculate the highest common factor of 35 and 106113805.
35
What is the highest common divisor of 33143 and 171322193?
3013
Calculate the highest common factor of 1894 and 3611.
1
Calculate the greatest common factor of 2488010 and 35.
35
What is the greatest common divisor of 6669 and 24283311?
741
What is the highest common divisor of 6512364 and 1596?
228
What is the greatest common divisor of 4947 and 628167?
51
Calculate the highest common divisor of 744 and 1838238.
186
What is the greatest common factor of 1078 and 2073533?
539
What is the highest common factor of 407184 and 2550?
102
What is the greatest common divisor of 2089809 and 25899?
267
What is the highest common divisor of 246771 and 28582349?
3917
What is the highest common factor of 158670 and 138990?
1230
What is the highest common factor of 85161062 and 182?
14
What is the highest common divisor of 62 and 46759346?
62
What is the highest common factor of 1117434516 and 19580?
3916
What is the greatest common divisor of 3725839 and 757367?
5083
Calculate the greatest common divisor of 554082332 and 190.
38
Calculate the highest common factor of 16439168 and 160.
32
What is the greatest common divisor of 4370553 and 66?
33
Calculate the greatest common divisor of 3570795 and 90.
45
What is the greatest common divisor of 260 and 6911120?
20
What is the highest common divisor of 20 and 1168839190?
10
Calculate the highest common divisor of 328472334 and 18.
18
What is the greatest common divisor of 1635425 and 20?
5
Calculate the highest common divisor of 189702797 and 13106.
6553
What is the highest common factor of 7106506 and 5307214?
6974
Calculate the highest common factor of 30150428 and 636.
212
What is the greatest common factor of 17847 and 106816278?
1983
What is the greatest common factor of 14136 and 306869?
589
What is the greatest common divisor of 10173597 and 609?
21
Calculate the highest common factor of 6507 and 13542822.
27
What is the highest common divisor of 931264 and 10912?
32
What is the highest common divisor of 443271 and 8163840?
3189
Calculate the greatest common divisor of 4122 and 965484.
18
Calculate the greatest common divisor of 6424 and 3735864.
88
What is the greatest common divisor of 1029488 and 2444?
188
Calculate the greatest common factor of 81543452 and 824.
412
What is the greatest common factor of 278 and 24554?
2
What is the highest common factor of 3462 and 167945082?
3462
Calculate the highest common divisor of 17467008 and 78.
78
What is the highest common factor of 3952 and 15602704?
208
Calculate the highest common factor of 28 and 2733248.
28
Calculate the greatest common divisor of 213487 and 19177.
127
What is the highest common divisor of 98313596 and 812?
116
Calculate the greatest common factor of 455 and 2150005.
65
What is t